{"id":333,"date":"2022-03-30T18:03:15","date_gmt":"2022-03-30T16:03:15","guid":{"rendered":"https:\/\/cv-stassfurt.de\/?page_id=333"},"modified":"2022-04-09T13:39:33","modified_gmt":"2022-04-09T11:39:33","slug":"salzlanddancer","status":"publish","type":"page","link":"https:\/\/cv-stassfurt.de\/?page_id=333","title":{"rendered":"Salzlanddancer"},"content":{"rendered":"\n<p>Wir sind eine Showtanzgruppe (von 18-60) . Einige unserer jetzigen Mitglieder waren jahrelang schon bei den Karnevalsveranstaltungen des MCS aktiv. Unsere tanzenden M\u00e4nner bilden gleichzeitig unser M\u00e4nnerballett. Derzeit haben wir leider einen kleinen Frauen\u00fcberschuss. Wir sind eine lustige und unterhaltsame Gruppe und w\u00fcrden uns \u00fcber Zuwachs, vor allem m\u00e4nnlich oder divers, freuen. <\/p>\n\n\n\n<div class=\"wp-block-columns\">\n<div class=\"wp-block-column\" style=\"flex-basis:66.66%\">\n<figure class=\"wp-block-image size-large\"><img src=\"https:\/\/cv-stassfurt.de\/wp-content\/uploads\/2022\/03\/20220226211618_IMG_1353-1024x683.jpg\" alt=\"\"\/><figcaption>Hier haben wir eine Menge Spa\u00df bei unserem aktuellen Tanz , dem &#8222;Time warp&#8220;<\/figcaption><\/figure>\n<\/div>\n\n\n\n<div class=\"wp-block-column\" style=\"flex-basis:33.33%\"><\/div>\n<\/div>\n\n\n\n<div class=\"wp-block-columns\">\n<div class=\"wp-block-column\" style=\"flex-basis:33.33%\"><\/div>\n\n\n\n<div class=\"wp-block-column\" style=\"flex-basis:66.66%\">\n<figure class=\"wp-block-image size-large\"><img src=\"https:\/\/cv-stassfurt.de\/wp-content\/uploads\/2022\/03\/20220226211601_IMG_1351-1024x683.jpg\" alt=\"\"\/><\/figure>\n<\/div>\n<\/div>\n","protected":false},"excerpt":{"rendered":"<p>Wir sind eine Showtanzgruppe (von 18-60) . Einige unserer jetzigen Mitglieder waren jahrelang schon bei den Karnevalsveranstaltungen des MCS aktiv. Unsere tanzenden M\u00e4nner bilden gleichzeitig unser M\u00e4nnerballett. Derzeit haben wir leider einen kleinen Frauen\u00fcberschuss. Wir sind eine lustige und unterhaltsame Gruppe und w\u00fcrden uns \u00fcber Zuwachs, vor allem m\u00e4nnlich oder divers, freuen.<\/p>\n","protected":false},"author":1,"featured_media":0,"parent":0,"menu_order":0,"comment_status":"closed","ping_status":"closed","template":"","meta":[],"_links":{"self":[{"href":"https:\/\/cv-stassfurt.de\/index.php?rest_route=\/wp\/v2\/pages\/333"}],"collection":[{"href":"https:\/\/cv-stassfurt.de\/index.php?rest_route=\/wp\/v2\/pages"}],"about":[{"href":"https:\/\/cv-stassfurt.de\/index.php?rest_route=\/wp\/v2\/types\/page"}],"author":[{"embeddable":true,"href":"https:\/\/cv-stassfurt.de\/index.php?rest_route=\/wp\/v2\/users\/1"}],"replies":[{"embeddable":true,"href":"https:\/\/cv-stassfurt.de\/index.php?rest_route=%2Fwp%2Fv2%2Fcomments&post=333"}],"version-history":[{"count":4,"href":"https:\/\/cv-stassfurt.de\/index.php?rest_route=\/wp\/v2\/pages\/333\/revisions"}],"predecessor-version":[{"id":399,"href":"https:\/\/cv-stassfurt.de\/index.php?rest_route=\/wp\/v2\/pages\/333\/revisions\/399"}],"wp:attachment":[{"href":"https:\/\/cv-stassfurt.de\/index.php?rest_route=%2Fwp%2Fv2%2Fmedia&parent=333"}],"curies":[{"name":"wp","href":"https:\/\/api.w.org\/{rel}","templated":true}]}}