{"id":346,"date":"2022-03-30T19:09:34","date_gmt":"2022-03-30T17:09:34","guid":{"rendered":"https:\/\/cv-stassfurt.de\/?page_id=346"},"modified":"2023-09-27T20:09:39","modified_gmt":"2023-09-27T18:09:39","slug":"salzlandmaeuse","status":"publish","type":"page","link":"https:\/\/cv-stassfurt.de\/?page_id=346","title":{"rendered":"Salzlandm\u00e4use"},"content":{"rendered":"\n<p>Wir sind die kleine Garde des 1. SCV. Zurzeit sind wir 11 M\u00e4dchen im Alter von 5- 8 Jahren. Wir trainieren jeden Mittwoch um 16 Uhr 30 in der alten Feuerwehr in Sta\u00dffurt mit unserer Trainerin Lea. Da wir uns neu gegr\u00fcndet haben, lernen wir jetzt erstmal die Grundlagen des Garde- und Showtanzes. <\/p>\n\n\n\n<div class=\"wp-block-columns\">\n<div class=\"wp-block-column\">\n<div class=\"wp-block-group\"><div class=\"wp-block-group__inner-container\">\n<figure class=\"wp-block-image size-large is-resized\"><img loading=\"lazy\" src=\"https:\/\/cv-stassfurt.de\/wp-content\/uploads\/2022\/03\/lea-und-Julia-1024x768.jpg\" alt=\"\" width=\"426\" height=\"319\"\/><\/figure>\n\n\n\n<p>Sessionsbeginn am 11.11 um 16Uhr 16 am Rathaus<br>in Sta\u00dffurt.<\/p>\n<\/div><\/div>\n\n\n\n<p><\/p>\n<\/div>\n\n\n\n<div class=\"wp-block-column\">\n<figure class=\"wp-block-image size-large is-resized\"><img loading=\"lazy\" src=\"https:\/\/cv-stassfurt.de\/wp-content\/uploads\/2022\/03\/11.11-768x1024.jpg\" alt=\"\" width=\"403\" height=\"537\"\/><\/figure>\n\n\n\n<p><\/p>\n<\/div>\n<\/div>\n\n\n\n<div class=\"wp-block-image\"><figure class=\"aligncenter size-large is-resized\"><img loading=\"lazy\" src=\"https:\/\/cv-stassfurt.de\/wp-content\/uploads\/2022\/03\/Salzlandmaeuse-1024x768.jpg\" alt=\"\" width=\"528\" height=\"396\"\/><\/figure><\/div>\n\n\n\n<div class=\"wp-block-columns\">\n<div class=\"wp-block-column\" style=\"flex-basis:66.66%\">\n<div class=\"wp-block-group\"><div class=\"wp-block-group__inner-container\">\n<figure class=\"wp-block-image size-large is-resized\"><img loading=\"lazy\" src=\"https:\/\/cv-stassfurt.de\/wp-content\/uploads\/2022\/03\/20220226174847_IMG_1308-1024x683.jpg\" alt=\"\" width=\"512\" height=\"342\"\/><\/figure>\n\n\n\n<p><\/p>\n<\/div><\/div>\n<\/div>\n\n\n\n<div class=\"wp-block-column\" style=\"flex-basis:33.33%\">\n<p>Ein gro\u00dfes Dankesch\u00f6n f\u00fcr diesen tollen Tag geht an Rene Warkus vom Projektzirkus Hein.<\/p>\n<\/div>\n<\/div>\n\n\n\n<div class=\"wp-block-columns\">\n<div class=\"wp-block-column\" style=\"flex-basis:100%\">\n<div class=\"wp-block-columns\">\n<div class=\"wp-block-column\">\n<div class=\"wp-block-image\"><figure class=\"alignright size-large is-resized\"><img loading=\"lazy\" src=\"https:\/\/cv-stassfurt.de\/wp-content\/uploads\/2022\/03\/26.2-1024x575.jpg\" alt=\"\" class=\"wp-image-351\" width=\"594\" height=\"333\" srcset=\"https:\/\/cv-stassfurt.de\/wp-content\/uploads\/2022\/03\/26.2-1024x575.jpg 1024w, https:\/\/cv-stassfurt.de\/wp-content\/uploads\/2022\/03\/26.2-300x168.jpg 300w, https:\/\/cv-stassfurt.de\/wp-content\/uploads\/2022\/03\/26.2-768x431.jpg 768w, https:\/\/cv-stassfurt.de\/wp-content\/uploads\/2022\/03\/26.2-1536x863.jpg 1536w, https:\/\/cv-stassfurt.de\/wp-content\/uploads\/2022\/03\/26.2.jpg 2048w\" sizes=\"(max-width: 594px) 100vw, 594px\" \/><\/figure><\/div>\n<\/div>\n<\/div>\n<\/div>\n<\/div>\n\n\n\n<p><\/p>\n","protected":false},"excerpt":{"rendered":"<p>Wir sind die kleine Garde des 1. SCV. Zurzeit sind wir 11 M\u00e4dchen im Alter von 5- 8 Jahren. Wir trainieren jeden Mittwoch um 16 Uhr 30 in der alten Feuerwehr in Sta\u00dffurt mit unserer Trainerin Lea. Da wir uns neu gegr\u00fcndet haben, lernen wir jetzt erstmal die Grundlagen des Garde- und Showtanzes. Ein gro\u00dfes [&hellip;]<\/p>\n","protected":false},"author":1,"featured_media":0,"parent":0,"menu_order":0,"comment_status":"closed","ping_status":"closed","template":"","meta":[],"_links":{"self":[{"href":"https:\/\/cv-stassfurt.de\/index.php?rest_route=\/wp\/v2\/pages\/346"}],"collection":[{"href":"https:\/\/cv-stassfurt.de\/index.php?rest_route=\/wp\/v2\/pages"}],"about":[{"href":"https:\/\/cv-stassfurt.de\/index.php?rest_route=\/wp\/v2\/types\/page"}],"author":[{"embeddable":true,"href":"https:\/\/cv-stassfurt.de\/index.php?rest_route=\/wp\/v2\/users\/1"}],"replies":[{"embeddable":true,"href":"https:\/\/cv-stassfurt.de\/index.php?rest_route=%2Fwp%2Fv2%2Fcomments&post=346"}],"version-history":[{"count":6,"href":"https:\/\/cv-stassfurt.de\/index.php?rest_route=\/wp\/v2\/pages\/346\/revisions"}],"predecessor-version":[{"id":800,"href":"https:\/\/cv-stassfurt.de\/index.php?rest_route=\/wp\/v2\/pages\/346\/revisions\/800"}],"wp:attachment":[{"href":"https:\/\/cv-stassfurt.de\/index.php?rest_route=%2Fwp%2Fv2%2Fmedia&parent=346"}],"curies":[{"name":"wp","href":"https:\/\/api.w.org\/{rel}","templated":true}]}}